{"id":24801,"date":"2024-09-26T13:22:36","date_gmt":"2024-09-26T11:22:49","guid":{"rendered":"https:\/\/www.mayr-arbeitsrecht.de\/services\/compliance-fuer-arbeitgeber\/"},"modified":"2024-11-05T15:08:35","modified_gmt":"2024-11-05T14:08:35","slug":"compliance-fuer-arbeitgeber","status":"publish","type":"page","link":"https:\/\/www.mayr-arbeitsrecht.de\/en\/services\/compliance-fuer-arbeitgeber\/","title":{"rendered":"Compliance f\u00fcr den Mittelstand"},"content":{"rendered":"<div id=\"c53\" class=\"csc-default\">\n<p>Wir unterst\u00fctzen mittelst\u00e4ndische Unternehmen, die nach praxisnahen, wirtschaftlich vertretbaren und ma\u00dfgeschneiderten Compliance Strukturen suchen, die speziell auf ihre Gr\u00f6\u00dfe und ihren Betrieb zugeschnitten sind. Als Arbeitsrechtskanzlei fokussieren wir uns auf arbeitsrechtliche Compliance in Kombination mit weiteren Schl\u00fcsselthemen wie Gesch\u00e4ftsf\u00fchrerhaftung, Diskriminierung, Diversit\u00e4tsmanagement, Hinweisgebersysteme und Korruptionspr\u00e4vention.<\/p>\n<\/div>\n","protected":false},"excerpt":{"rendered":"<p>Wir unterst\u00fctzen mittelst\u00e4ndische Unternehmen, die nach praxisnahen, wirtschaftlich vertretbaren und ma\u00dfgeschneiderten Compliance Strukturen suchen, die speziell auf ihre Gr\u00f6\u00dfe und ihren Betrieb zugeschnitten sind. Als Arbeitsrechtskanzlei fokussieren wir uns auf arbeitsrechtliche Compliance in Kombination mit weiteren Schl\u00fcsselthemen wie Gesch\u00e4ftsf\u00fchrerhaftung, Diskriminierung, Diversit\u00e4tsmanagement, Hinweisgebersysteme und Korruptionspr\u00e4vention.<\/p>\n","protected":false},"author":21,"featured_media":0,"parent":6739,"menu_order":1,"comment_status":"closed","ping_status":"closed","template":"","meta":{"_acf_changed":false,"footnotes":""},"class_list":["post-24801","page","type-page","status-publish","hentry"],"acf":[],"yoast_head":"<!-- This site is optimized with the Yoast SEO Premium plugin v24.2 (Yoast SEO v27.5) - https:\/\/yoast.com\/product\/yoast-seo-premium-wordpress\/ -->\n<title>Arbeitsrecht f\u00fcr Betriebsr\u00e4te | MAYR Arbeitsrecht<\/title>\n<meta name=\"description\" content=\"Compliance f\u00fcr den Mittelstand\" \/>\n<meta name=\"robots\" content=\"index, follow, max-snippet:-1, max-image-preview:large, max-video-preview:-1\" \/>\n<link rel=\"canonical\" href=\"https:\/\/www.mayr-arbeitsrecht.de\/en\/services\/compliance-fuer-arbeitgeber\/\" \/>\n<meta property=\"og:locale\" content=\"en_US\" \/>\n<meta property=\"og:type\" content=\"article\" \/>\n<meta property=\"og:title\" content=\"Compliance f\u00fcr den Mittelstand\" \/>\n<meta property=\"og:description\" content=\"Compliance f\u00fcr den Mittelstand\" \/>\n<meta property=\"og:url\" content=\"https:\/\/www.mayr-arbeitsrecht.de\/en\/services\/compliance-fuer-arbeitgeber\/\" \/>\n<meta property=\"og:site_name\" content=\"Mayr - Kanzlei f\u00fcr Arbeitsrecht\" \/>\n<meta property=\"article:publisher\" content=\"https:\/\/www.facebook.com\/MAYR-Kanzlei-fr-Arbeitsrecht-216228398402465\/\" \/>\n<meta property=\"article:modified_time\" content=\"2024-11-05T14:08:35+00:00\" \/>\n<meta property=\"og:image\" content=\"https:\/\/www.mayr-arbeitsrecht.de\/wp-content\/uploads\/2018\/08\/MAYR_Social-Media.jpg\" \/>\n<meta name=\"twitter:card\" content=\"summary_large_image\" \/>\n<meta name=\"twitter:site\" content=\"@mayrarbeitsrech\" \/>\n<script type=\"application\/ld+json\" class=\"yoast-schema-graph\">{\"@context\":\"https:\\\/\\\/schema.org\",\"@graph\":[{\"@type\":\"WebPage\",\"@id\":\"https:\\\/\\\/www.mayr-arbeitsrecht.de\\\/en\\\/services\\\/compliance-fuer-arbeitgeber\\\/\",\"url\":\"https:\\\/\\\/www.mayr-arbeitsrecht.de\\\/en\\\/services\\\/compliance-fuer-arbeitgeber\\\/\",\"name\":\"Arbeitsrecht f\u00fcr Betriebsr\u00e4te | MAYR Arbeitsrecht\",\"isPartOf\":{\"@id\":\"https:\\\/\\\/www.mayr-arbeitsrecht.de\\\/#website\"},\"datePublished\":\"2024-09-26T11:22:49+00:00\",\"dateModified\":\"2024-11-05T14:08:35+00:00\",\"description\":\"Compliance f\u00fcr den Mittelstand\",\"breadcrumb\":{\"@id\":\"https:\\\/\\\/www.mayr-arbeitsrecht.de\\\/en\\\/services\\\/compliance-fuer-arbeitgeber\\\/#breadcrumb\"},\"inLanguage\":\"en-US\",\"potentialAction\":[{\"@type\":\"ReadAction\",\"target\":[\"https:\\\/\\\/www.mayr-arbeitsrecht.de\\\/en\\\/services\\\/compliance-fuer-arbeitgeber\\\/\"]}]},{\"@type\":\"BreadcrumbList\",\"@id\":\"https:\\\/\\\/www.mayr-arbeitsrecht.de\\\/en\\\/services\\\/compliance-fuer-arbeitgeber\\\/#breadcrumb\",\"itemListElement\":[{\"@type\":\"ListItem\",\"position\":1,\"name\":\"Home\",\"item\":\"https:\\\/\\\/www.mayr-arbeitsrecht.de\\\/en\\\/\"},{\"@type\":\"ListItem\",\"position\":2,\"name\":\"Services\",\"item\":\"https:\\\/\\\/www.mayr-arbeitsrecht.de\\\/en\\\/services\\\/\"},{\"@type\":\"ListItem\",\"position\":3,\"name\":\"Compliance f\u00fcr den Mittelstand\"}]},{\"@type\":\"WebSite\",\"@id\":\"https:\\\/\\\/www.mayr-arbeitsrecht.de\\\/#website\",\"url\":\"https:\\\/\\\/www.mayr-arbeitsrecht.de\\\/\",\"name\":\"Mayr - Kanzlei f\u00fcr Arbeitsrecht\",\"description\":\"\",\"publisher\":{\"@id\":\"https:\\\/\\\/www.mayr-arbeitsrecht.de\\\/#organization\"},\"potentialAction\":[{\"@type\":\"SearchAction\",\"target\":{\"@type\":\"EntryPoint\",\"urlTemplate\":\"https:\\\/\\\/www.mayr-arbeitsrecht.de\\\/?s={search_term_string}\"},\"query-input\":{\"@type\":\"PropertyValueSpecification\",\"valueRequired\":true,\"valueName\":\"search_term_string\"}}],\"inLanguage\":\"en-US\"},{\"@type\":\"Organization\",\"@id\":\"https:\\\/\\\/www.mayr-arbeitsrecht.de\\\/#organization\",\"name\":\"Mayr - Kanzlei f\u00fcr Arbeitsrecht\",\"url\":\"https:\\\/\\\/www.mayr-arbeitsrecht.de\\\/\",\"logo\":{\"@type\":\"ImageObject\",\"inLanguage\":\"en-US\",\"@id\":\"https:\\\/\\\/www.mayr-arbeitsrecht.de\\\/#\\\/schema\\\/logo\\\/image\\\/\",\"url\":\"https:\\\/\\\/www.mayr-arbeitsrecht.de\\\/wp-content\\\/uploads\\\/2025\\\/01\\\/mayr_logo.png\",\"contentUrl\":\"https:\\\/\\\/www.mayr-arbeitsrecht.de\\\/wp-content\\\/uploads\\\/2025\\\/01\\\/mayr_logo.png\",\"width\":558,\"height\":67,\"caption\":\"Mayr - Kanzlei f\u00fcr Arbeitsrecht\"},\"image\":{\"@id\":\"https:\\\/\\\/www.mayr-arbeitsrecht.de\\\/#\\\/schema\\\/logo\\\/image\\\/\"},\"sameAs\":[\"https:\\\/\\\/www.facebook.com\\\/MAYR-Kanzlei-fr-Arbeitsrecht-216228398402465\\\/\",\"https:\\\/\\\/x.com\\\/mayrarbeitsrech\",\"https:\\\/\\\/www.instagram.com\\\/mayrarbeitsrecht\\\/?hl=de\",\"https:\\\/\\\/de.linkedin.com\\\/company\\\/mayr-kanzlei-fr-arbeitsrecht\",\"https:\\\/\\\/www.xing.com\\\/companies\\\/mayrkanzleifrarbeitsrecht\"]}]}<\/script>\n<!-- \/ Yoast SEO Premium plugin. -->","yoast_head_json":{"title":"Arbeitsrecht f\u00fcr Betriebsr\u00e4te | MAYR Arbeitsrecht","description":"Compliance f\u00fcr den Mittelstand","robots":{"index":"index","follow":"follow","max-snippet":"max-snippet:-1","max-image-preview":"max-image-preview:large","max-video-preview":"max-video-preview:-1"},"canonical":"https:\/\/www.mayr-arbeitsrecht.de\/en\/services\/compliance-fuer-arbeitgeber\/","og_locale":"en_US","og_type":"article","og_title":"Compliance f\u00fcr den Mittelstand","og_description":"Compliance f\u00fcr den Mittelstand","og_url":"https:\/\/www.mayr-arbeitsrecht.de\/en\/services\/compliance-fuer-arbeitgeber\/","og_site_name":"Mayr - Kanzlei f\u00fcr Arbeitsrecht","article_publisher":"https:\/\/www.facebook.com\/MAYR-Kanzlei-fr-Arbeitsrecht-216228398402465\/","article_modified_time":"2024-11-05T14:08:35+00:00","og_image":[{"url":"https:\/\/www.mayr-arbeitsrecht.de\/wp-content\/uploads\/2018\/08\/MAYR_Social-Media.jpg","type":"","width":"","height":""}],"twitter_card":"summary_large_image","twitter_site":"@mayrarbeitsrech","schema":{"@context":"https:\/\/schema.org","@graph":[{"@type":"WebPage","@id":"https:\/\/www.mayr-arbeitsrecht.de\/en\/services\/compliance-fuer-arbeitgeber\/","url":"https:\/\/www.mayr-arbeitsrecht.de\/en\/services\/compliance-fuer-arbeitgeber\/","name":"Arbeitsrecht f\u00fcr Betriebsr\u00e4te | MAYR Arbeitsrecht","isPartOf":{"@id":"https:\/\/www.mayr-arbeitsrecht.de\/#website"},"datePublished":"2024-09-26T11:22:49+00:00","dateModified":"2024-11-05T14:08:35+00:00","description":"Compliance f\u00fcr den Mittelstand","breadcrumb":{"@id":"https:\/\/www.mayr-arbeitsrecht.de\/en\/services\/compliance-fuer-arbeitgeber\/#breadcrumb"},"inLanguage":"en-US","potentialAction":[{"@type":"ReadAction","target":["https:\/\/www.mayr-arbeitsrecht.de\/en\/services\/compliance-fuer-arbeitgeber\/"]}]},{"@type":"BreadcrumbList","@id":"https:\/\/www.mayr-arbeitsrecht.de\/en\/services\/compliance-fuer-arbeitgeber\/#breadcrumb","itemListElement":[{"@type":"ListItem","position":1,"name":"Home","item":"https:\/\/www.mayr-arbeitsrecht.de\/en\/"},{"@type":"ListItem","position":2,"name":"Services","item":"https:\/\/www.mayr-arbeitsrecht.de\/en\/services\/"},{"@type":"ListItem","position":3,"name":"Compliance f\u00fcr den Mittelstand"}]},{"@type":"WebSite","@id":"https:\/\/www.mayr-arbeitsrecht.de\/#website","url":"https:\/\/www.mayr-arbeitsrecht.de\/","name":"Mayr - Kanzlei f\u00fcr Arbeitsrecht","description":"","publisher":{"@id":"https:\/\/www.mayr-arbeitsrecht.de\/#organization"},"potentialAction":[{"@type":"SearchAction","target":{"@type":"EntryPoint","urlTemplate":"https:\/\/www.mayr-arbeitsrecht.de\/?s={search_term_string}"},"query-input":{"@type":"PropertyValueSpecification","valueRequired":true,"valueName":"search_term_string"}}],"inLanguage":"en-US"},{"@type":"Organization","@id":"https:\/\/www.mayr-arbeitsrecht.de\/#organization","name":"Mayr - Kanzlei f\u00fcr Arbeitsrecht","url":"https:\/\/www.mayr-arbeitsrecht.de\/","logo":{"@type":"ImageObject","inLanguage":"en-US","@id":"https:\/\/www.mayr-arbeitsrecht.de\/#\/schema\/logo\/image\/","url":"https:\/\/www.mayr-arbeitsrecht.de\/wp-content\/uploads\/2025\/01\/mayr_logo.png","contentUrl":"https:\/\/www.mayr-arbeitsrecht.de\/wp-content\/uploads\/2025\/01\/mayr_logo.png","width":558,"height":67,"caption":"Mayr - Kanzlei f\u00fcr Arbeitsrecht"},"image":{"@id":"https:\/\/www.mayr-arbeitsrecht.de\/#\/schema\/logo\/image\/"},"sameAs":["https:\/\/www.facebook.com\/MAYR-Kanzlei-fr-Arbeitsrecht-216228398402465\/","https:\/\/x.com\/mayrarbeitsrech","https:\/\/www.instagram.com\/mayrarbeitsrecht\/?hl=de","https:\/\/de.linkedin.com\/company\/mayr-kanzlei-fr-arbeitsrecht","https:\/\/www.xing.com\/companies\/mayrkanzleifrarbeitsrecht"]}]}},"_links":{"self":[{"href":"https:\/\/www.mayr-arbeitsrecht.de\/en\/wp-json\/wp\/v2\/pages\/24801","targetHints":{"allow":["GET"]}}],"collection":[{"href":"https:\/\/www.mayr-arbeitsrecht.de\/en\/wp-json\/wp\/v2\/pages"}],"about":[{"href":"https:\/\/www.mayr-arbeitsrecht.de\/en\/wp-json\/wp\/v2\/types\/page"}],"author":[{"embeddable":true,"href":"https:\/\/www.mayr-arbeitsrecht.de\/en\/wp-json\/wp\/v2\/users\/21"}],"replies":[{"embeddable":true,"href":"https:\/\/www.mayr-arbeitsrecht.de\/en\/wp-json\/wp\/v2\/comments?post=24801"}],"version-history":[{"count":6,"href":"https:\/\/www.mayr-arbeitsrecht.de\/en\/wp-json\/wp\/v2\/pages\/24801\/revisions"}],"predecessor-version":[{"id":24818,"href":"https:\/\/www.mayr-arbeitsrecht.de\/en\/wp-json\/wp\/v2\/pages\/24801\/revisions\/24818"}],"up":[{"embeddable":true,"href":"https:\/\/www.mayr-arbeitsrecht.de\/en\/wp-json\/wp\/v2\/pages\/6739"}],"wp:attachment":[{"href":"https:\/\/www.mayr-arbeitsrecht.de\/en\/wp-json\/wp\/v2\/media?parent=24801"}],"curies":[{"name":"wp","href":"https:\/\/api.w.org\/{rel}","templated":true}]}}

Compliance für den Mittelstand

<div id="c53" class="csc-default">
<p>Wir unterstützen mittelständische Unternehmen, die nach praxisnahen, wirtschaftlich vertretbaren und maßgeschneiderten Compliance Strukturen suchen, die speziell auf ihre Größe und ihren Betrieb zugeschnitten sind. Als Arbeitsrechtskanzlei fokussieren wir uns auf arbeitsrechtliche Compliance in Kombination mit weiteren Schlüsselthemen wie Geschäftsführerhaftung, Diskriminierung, Diversitätsmanagement, Hinweisgebersysteme und Korruptionsprävention.</p>
</div>

<p>Wir unterstützen mittelständische Unternehmen, die nach praxisnahen, wirtschaftlich vertretbaren und maßgeschneiderten Compliance Strukturen suchen, die speziell auf ihre Größe und ihren Betrieb zugeschnitten sind. Als Arbeitsrechtskanzlei fokussieren wir uns auf arbeitsrechtliche Compliance in Kombination mit weiteren Schlüsselthemen wie Geschäftsführerhaftung, Diskriminierung, Diversitätsmanagement, Hinweisgebersysteme und Korruptionsprävention.</p>

<!-- This site is optimized with the Yoast SEO Premium plugin v24.2 (Yoast SEO v27.5) - https://yoast.com/product/yoast-seo-premium-wordpress/ -->
<title>Arbeitsrecht für Betriebsräte | MAYR Arbeitsrecht</title>
<meta name="description" content="Compliance für den Mittelstand" />
<meta name="robots" content="index, follow, max-snippet:-1, max-image-preview:large, max-video-preview:-1" />
<link rel="canonical" href="https://www.mayr-arbeitsrecht.de/en/services/compliance-fuer-arbeitgeber/" />
<meta property="og:locale" content="en_US" />
<meta property="og:type" content="article" />
<meta property="og:title" content="Compliance für den Mittelstand" />
<meta property="og:description" content="Compliance für den Mittelstand" />
<meta property="og:url" content="https://www.mayr-arbeitsrecht.de/en/services/compliance-fuer-arbeitgeber/" />
<meta property="og:site_name" content="Mayr - Kanzlei für Arbeitsrecht" />
<meta property="article:publisher" content="https://www.facebook.com/MAYR-Kanzlei-fr-Arbeitsrecht-216228398402465/" />
<meta property="article:modified_time" content="2024-11-05T14:08:35+00:00" />
<meta property="og:image" content="https://www.mayr-arbeitsrecht.de/wp-content/uploads/2018/08/MAYR_Social-Media.jpg" />
<meta name="twitter:card" content="summary_large_image" />
<meta name="twitter:site" content="@mayrarbeitsrech" />
<script type="application/ld+json" class="yoast-schema-graph">{"@context":"https:\/\/schema.org","@graph":[{"@type":"WebPage","@id":"https:\/\/www.mayr-arbeitsrecht.de\/en\/services\/compliance-fuer-arbeitgeber\/","url":"https:\/\/www.mayr-arbeitsrecht.de\/en\/services\/compliance-fuer-arbeitgeber\/","name":"Arbeitsrecht für Betriebsräte | MAYR Arbeitsrecht","isPartOf":{"@id":"https:\/\/www.mayr-arbeitsrecht.de\/#website"},"datePublished":"2024-09-26T11:22:49+00:00","dateModified":"2024-11-05T14:08:35+00:00","description":"Compliance für den Mittelstand","breadcrumb":{"@id":"https:\/\/www.mayr-arbeitsrecht.de\/en\/services\/compliance-fuer-arbeitgeber\/#breadcrumb"},"inLanguage":"en-US","potentialAction":[{"@type":"ReadAction","target":["https:\/\/www.mayr-arbeitsrecht.de\/en\/services\/compliance-fuer-arbeitgeber\/"]}]},{"@type":"BreadcrumbList","@id":"https:\/\/www.mayr-arbeitsrecht.de\/en\/services\/compliance-fuer-arbeitgeber\/#breadcrumb","itemListElement":[{"@type":"ListItem","position":1,"name":"Home","item":"https:\/\/www.mayr-arbeitsrecht.de\/en\/"},{"@type":"ListItem","position":2,"name":"Services","item":"https:\/\/www.mayr-arbeitsrecht.de\/en\/services\/"},{"@type":"ListItem","position":3,"name":"Compliance für den Mittelstand"}]},{"@type":"WebSite","@id":"https:\/\/www.mayr-arbeitsrecht.de\/#website","url":"https:\/\/www.mayr-arbeitsrecht.de\/","name":"Mayr - Kanzlei für Arbeitsrecht","description":"","publisher":{"@id":"https:\/\/www.mayr-arbeitsrecht.de\/#organization"},"potentialAction":[{"@type":"SearchAction","target":{"@type":"EntryPoint","urlTemplate":"https:\/\/www.mayr-arbeitsrecht.de\/?s={search_term_string}"},"query-input":{"@type":"PropertyValueSpecification","valueRequired":true,"valueName":"search_term_string"}}],"inLanguage":"en-US"},{"@type":"Organization","@id":"https:\/\/www.mayr-arbeitsrecht.de\/#organization","name":"Mayr - Kanzlei für Arbeitsrecht","url":"https:\/\/www.mayr-arbeitsrecht.de\/","logo":{"@type":"ImageObject","inLanguage":"en-US","@id":"https:\/\/www.mayr-arbeitsrecht.de\/#\/schema\/logo\/image\/","url":"https:\/\/www.mayr-arbeitsrecht.de\/wp-content\/uploads\/2025\/01\/mayr_logo.png","contentUrl":"https:\/\/www.mayr-arbeitsrecht.de\/wp-content\/uploads\/2025\/01\/mayr_logo.png","width":558,"height":67,"caption":"Mayr - Kanzlei für Arbeitsrecht"},"image":{"@id":"https:\/\/www.mayr-arbeitsrecht.de\/#\/schema\/logo\/image\/"},"sameAs":["https:\/\/www.facebook.com\/MAYR-Kanzlei-fr-Arbeitsrecht-216228398402465\/","https:\/\/x.com\/mayrarbeitsrech","https:\/\/www.instagram.com\/mayrarbeitsrecht\/?hl=de","https:\/\/de.linkedin.com\/company\/mayr-kanzlei-fr-arbeitsrecht","https:\/\/www.xing.com\/companies\/mayrkanzleifrarbeitsrecht"]}]}</script>
<!-- / Yoast SEO Premium plugin. -->

Arbeitsrecht für Betriebsräte | MAYR Arbeitsrecht

Mayr - Kanzlei für Arbeitsrecht
